he remainder when z is divided by 29?
24
Let p = 89 - 83. What is the remainder when (-33)/(((-9)/(-2))/(-3)) is divided by p?
4
Suppose -34 = -2*c + 78. Let p = c + -14. Calculate the remainder when p is divided by 22.
20
Let l = 7 - 5. Suppose -3*w + 3*t + 18 = 0, 4*w + 4*t - 68 = -12. Suppose -u + w = -l. Calculate the remainder when u is divided by 7.
5
Let m(c) = 4*c - 5. Let b be m(12). Let f = 73 - b. What is the remainder when f is divided by (-8)/20 + (-114)/(-10)?
8
Let b = 0 - 1. What is the remainder when -3 + (2 + 47 - b) is divided by 24?
23
Let i = -20 + 35. Let z = 31 - i. Suppose w = 4*w - 186. Calculate the remainder when w is divided by z.
14
Suppose -56 = -5*l - 2*o, 0*l + 28 = 2*l - 2*o. Let a = 5 + 29. What is the remainder when a is divided by ((-27)/18)/((-1)/l)?
16
Let q(d) = d + 7. Calculate the remainder when 142 is divided by q(11).
16
Let v(u) = -u - 2. Calculate the remainder when 20 is divided by v(-14).
8
Let z = -28 + 35. Calculate the remainder when z is divided by 2.
1
Suppose -3 = 2*h - 43. Calculate the remainder when h is divided by 4/(-30) + (-856)/(-120).
6
Suppose 5*u = -j + 202, -32 = -5*u + 4*u + 4*j. Calculate the remainder when u is divided by 16.
8
Suppose -2 = h + 3*n, 0 = -2*h - 4*n + 5*n + 24. Calculate the remainder when 17 is divided by h.
7
What is the remainder when (-182)/(-39)*21/2 is divided by 13?
10
Suppose -4*q + q + 4*i = -28, 0 = -3*q + i + 25. Let m(t) = -7*t + 3. What is the remainder when m(-4) is divided by q?
7
Let v(t) = 6*t**2 - t - 2. Let x(y) = 5*y**2 - y - 2. Let r(a) = -4*v(a) + 5*x(a). Calculate the remainder when 51 is divided by r(-4).
15
Suppose 0 = 2*d + 4*v - 60, d - 2*v - 30 = -5*v. What is the remainder when 57 is divided by d?
27
Suppose -5*q = -5, 4*t - 4*q = -0*t - 16. Let k = 6 - t. Calculate the remainder when k is divided by (1 - -9)/(1 - -1).
4
Suppose -10 = -4*g + 3*t, -2*t - 11 + 4 = -3*g. Let b be 7 - 7 - (-1 - g). Calculate the remainder when -1 + b + (26 - 1) is divided by 9.
8
Suppose -54 = -0*w + 2*w. Let q = 45 + w. Calculate the remainder when 69 is divided by q.
15
Let b(z) = z**3 - z**2 + 26. Suppose j - 9 = 3*d, 2*j = -2*j - d - 3. Calculate the remainder when 76 is divided by b(j).
24
Let a(y) = y**2 + 8*y + 9. Suppose 4*v = v + 2*x, 0 = 3*v - 5*x + 9. What is the remainder when a(-7) is divided by v?
0
Suppose 0 = 5*a - 5*d + d - 51, 0 = 4*a - d - 43. Calculate the remainder when 30 is divided by a.
8
Suppose -2*r + 16 = a - 40, 2*r = 4*a + 36. Let s be 84*(-1)/(3/(-2)). Suppose 3*f + f + 5*y = s, 2*y = -f + 17. Calculate the remainder when r is divided by f.
8
Let b = 28 - 15. What is the remainder when 37 is divided by b?
11
Suppose 0 = 3*u - 9 + 3. Suppose -6 = -5*c + u*c, 3*o + 5*c - 19 = 0. What is the remainder when o is divided by 3?
0
Let b(x) = -x**3 + 5*x**2 + x - 1. What is the remainder when 74 is divided by b(4)?
17
Suppose 0 = -2*r + 2*g + 10, 11 = -5*r - 3*g + 36. Suppose -4*p - y + 71 = 0, y - 2*y - 100 = -r*p. What is the remainder when 36 is divided by p?
17
Let u = -6 - -11. Let f = -4 + 51. Suppose -u*c = -4*l + 39, -14 = 5*l - c - f. Calculate the remainder when 11 is divided by l.
5
Suppose 3 + 12 = -g. Let d = g - -23. What is the remainder when d is divided by 5?
3
Suppose 2*t + 12 = 5*p - 1, -5*t + 25 = -p. Calculate the remainder when t is divided by 4.
2
Suppose -3*z - 8 = 2*a, -4*z + 5 = -4*a - 11. Suppose -w = -m + 12, -m + w - 5*w + 12 = 0. Calculate the remainder when (-143)/a + (-6)/8 is divided by m.
11
Let a = 3 + -3. Suppose a = 3*g + f - 2, 3*g + 2*f - 4 = -3. What is the remainder when 38 is divided by (g/(-3))/(1/(-39))?
12
Let c(a) = a**2 + 9*a + 30. Calculate the remainder when 38 is divided by c(-5).
8
What is the remainder when 61 is divided by (-160)/12*(-12)/10?
13
Suppose 3*z - 380 + 68 = -3*v, -2*v - 4 = 0. Calculate the remainder when z is divided by 22.
18
Let v = 156 - -359. Suppose -4*f + 3*x + 687 = 0, -3*f - 3*x + 5*x + v = 0. Suppose -n = 2*n - f. What is the remainder when n is divided by 15?
12
Calculate the remainder when -2*(2 + 102)/(-4) is divided by 27.
25
Let b(g) = -g**2 + 8*g - 3. Let k = -7 + 15. Let x be b(k). Calculate the remainder when 6 is divided by x/((-27)/6)*3.
0
What is the remainder when 32 is divided by (3 + -4)/(-4)*68?
15
Suppose -k + 2 = 7. Let n = -2 - k. What is the remainder when n is divided by 2?
1
Let m = -126 - -241. What is the remainder when m is divided by 9?
7
Let s = 5 - 2. Suppose 3 - 10 = -n + s*r, -r - 50 = -4*n. What is the remainder when n is divided by 8?
5
Let k(i) = 2*i**2 + 3*i - 4. Let a be k(-3). Suppose 0 = -a*u - t + 85, 0*u - t = 2*u - 37. Calculate the remainder when u is divided by (6/(-14))/((-3)/63).
7
Suppose 4*w = 436 - 0. Suppose m - 177 = -4*z, -4*z + 4*m + 43 + w = 0. Calculate the remainder when z is divided by 23.
20
Suppose j = x - 0*j + 1, -15 = -5*x + j. Suppose 2*q - x*h = -16, -3*h - 8 - 7 = 3*q. What is the remainder when 40 is divided by (-7)/(((-9)/q)/(-3))?
12
Let h(z) = -2*z - 4. Let k be h(3). Let u = k + 20. Calculate the remainder when 1/2 + (-74)/(-4) is divided by u.
9
Let u(k) = 41*k**2 + k - 1. Suppose 0*r - 35 = -5*r - 4*w, 4*r - 49 = w. Calculate the remainder when u(1) is divided by r.
8
Let y(t) = t**2 - 7*t - 11. Let z = -2 + 4. What is the remainder when (1 + 18)/(z/2) is divided by y(9)?
5
Let o(l) = -l**3 + 9*l**2 + 10*l + 8. What is the remainder when 28 is divided by o(10)?
4
Suppose 6 = -x - 5. Let b = 14 + x. What is the remainder when 5 is divided by b?
2
Let y be 46/14 + 10/(-35). Suppose -y*l = -1 - 8. What is the remainder when 7 is divided by l?
1
Suppose 5*q - 3*q - 6 = 0. Let a be 3*-1*(1 + -16). Suppose 2*d = -3*n + 103, -4*n + q*n + 2*d = -a. What is the remainder when n is divided by 20?
17
Suppose 2*f - f + 5 = -3*k, -4*f = 3*k - 16. What is the remainder when f is divided by 3?
1
Let r = -161 + 187. What is the remainder when r is divided by 10?
6
Let m(q) = -26*q + 15. Let a(l) = -13*l + 8. Let k(t) = 11*a(t) - 6*m(t). Let h(j) = 5*j**2. What is the remainder when h(2) is divided by k(1)?
9
Suppose -n + 34 = n + 5*v, -3*n + 5*v + 1 = 0. Let p be 3/6*(1 - 1). Calculate the remainder when n is divided by (-2)/4*p - -3.
1
Let a be (-60)/8*(-24)/10. Suppose 4 + a = 2*f. Suppose -o + 2 = 0, -2*l + 62 = 3*o + 16. What is the remainder when l is divided by f?
9
Let s = -38 + 56. What is the remainder when s is divided by 5?
3
Let j(q) = -2*q**3 - 4*q**2 + 1. Calculate the remainder when 56 is divided by j(-3).
18
Suppose 0 = -a - 3*a + 32. Let u(t) = -t**2 + 10*t + 7. Let b be u(10). Let y(m) = 3*m. Calculate the remainder when y(b) is divided by a.
5
Let d = -10 + 39. Suppose 1 = -2*t + d. Calculate the remainder when (-156)/9*(-3)/2 is divided by t.
12
Let x(s) = -3*s + 6. Let r be x(4). Calculate the remainder when 44 is divided by r/12*-2*23.
21
Let j = 10 + -10. Let t = -21 + 38. What is the remainder when t is divided by 2/3*(j + 9)?
5
Suppose h = 5*x - 21, -5*x + 64 = -3*h - 29. Let p be ((-2)/6)/(6/h). Suppose -p*q + 4 + 18 = 0. Calculate the remainder when 32 is divided by q.
10
Calculate the remainder when (-15)/(-2) - (-3)/(-2) is divided by 2.
0
Let o(f) = -6*f + 9. Let p(j) = -j + 1. Let a(k) = -5*o(k) + 40*p(k). What is the remainder when 72 is divided by a(-3)?
22
Suppose 13 = -4*q - 3. What is the remainder when 4/2 - (-9 - q) is divided by 5?
2
What is the remainder when (0 - -9)/(1/3) is divided by 10?
7
Suppose 4*j - 3 = 5. Calculate the remainder when 2 is divided by j.
0
Let m be (-2)/3*3 - -10. Let q = m - 8. What is the remainder when (-2 + q + 3)*19 is divided by 5?
4
Suppose 0 = 4*a + 2*h - 0*h - 102, -3*a + 71 = -4*h. Calculate the remainder when a is divided by 14.
11
What is the remainder when (39/(-6))/(4/(-56)) is divided by 23?
22
Suppose 0*y - 14 = -4*y - 2*s, -y + 6 = s. Let v = 4 - y. Calculate the remainder when 8 is divided by v.
2
Suppose -a - a = -4. Let b(o) = 2*o**3 - 2*o**2 + 3*o - 3. What is the remainder when b(a) is divided by 3?
2
Suppose -3*h + 6*h = 0. Suppose -3*y + 9 + 69 = h. Calculate the remainder when y is divided by 7.
5
Suppose -8 = -4*g + 12. Suppose -28 = -g*v + 2. Calculate the remainder when 11 is divided by v.
5
Let d(x) = x**2 - 12